et w = x - b. What is the units digit of w?
2
Let h = 746 + -743. Suppose 0 = h*l + 3, -1841 = -32*j + 28*j - 3*l. What is the tens digit of j?
6
Let r = -5327 - -15071. What is the hundreds digit of r?
7
Let h(d) = 4 + 26039*d + 85 - 26080*d. What is the units digit of h(-16)?
5
Let n be -1 + -1 - 5/(-5). Let f be (-3)/3 - (-60 - n). Suppose v - f = -v. What is the tens digit of v?
2
Let o(a) = -a**2 + 13*a - 11. Let d be o(-10). Let n = d - -525. What is the units digit of n?
4
Suppose 74*a = -811469 + 3131147. What is the tens digit of a?
4
Let k(y) = 1099*y**2 - 70*y - 272. What is the thousands digit of k(-5)?
7
Let s(d) = d + 32. Let q = 40 - 40. Let v be s(q). Suppose f = 5*f - v. What is the units digit of f?
8
What is the hundreds digit of ((-6)/6)/(2*2/(-24028))?
0
Suppose 2388 = i - 1000. Suppose i = 6*j - 392. What is the units digit of j?
0
Suppose -8*a - 81 = -9. Let x be a/6*56/(-21). Suppose -5*w + 2*n = -426, x*w + 0*w - 342 = n. What is the units digit of w?
6
What is the hundreds digit of 0*10/(-30) - -8202?
2
Suppose 5*x - 30 = 0, 5*k - 8960 = 3*x + 60567. What is the hundreds digit of k?
9
Suppose 16128*v - 698428 = 16111*v. What is the tens digit of v?
8
Let y = 99 - 21. Let l = 83 - y. Suppose -6*o + l*j + 625 = -o, 4*j + 374 = 3*o. What is the tens digit of o?
2
Let b = -31733 - -31738. Suppose -z + 2*z = 2. Suppose -y - z*y + 223 = g, b*g = -2*y + 1115. What is the hundreds digit of g?
2
Let w(y) = 1401*y + 15143. What is the ten thousands digit of w(8)?
2
Let o = -7 + 2. Let d = o - -1. What is the tens digit of (-5 - 15)/(1/d)?
8
Let t(y) = -326*y + 7915. What is the hundreds digit of t(-63)?
4
Let p(a) = a**2 + a + 1. Let q(l) = -5*l**3 + 15*l**2 - 2*l - 3. Let m(s) = 5*p(s) - q(s). What is the tens digit of m(6)?
7
Let g(v) = 14*v + 174. Let o be g(-7). Suppose d - 21 = -8. Suppose 0 = -d*t + 12*t + o. What is the tens digit of t?
7
Let o(l) = l**3 + 7*l**2 - 10. Let x be o(-7). Let a = 1068 - 1098. Let v = x - a. What is the tens digit of v?
2
Suppose -192*g + 930 = -197*g. Let h = 280 - g. What is the tens digit of h?
6
Let u(a) = -4*a**3 + 1 - 4*a**2 + 13*a**2 + 5*a**3 + a. Let g be u(-9). What is the tens digit of 492/g*(-4)/3?
8
Suppose -77*j - 39904 = -81*j + 4*g, 2*j - 5*g - 19958 = 0. What is the hundreds digit of j?
9
Let h(m) = 6*m + 24. Suppose 0 = -8*n + 5*n - 6. Let l be ((-8)/12 - n)*15/2. What is the tens digit of h(l)?
8
Suppose -5 = 2*q - 5*n, -n - 2 = 2*q - 3*n. Suppose q*g - 2*g + 450 = 0. Suppose 13*d - g = -2*d. What is the tens digit of d?
1
Suppose 4*q = -j + 38613, -10*j = 4*q - 5*j - 38633. What is the tens digit of q?
5
What is the thousands digit of ((-617580)/(-450))/(-3 + 51/15)?
3
Let m(o) = -o**2 + 16*o - 23. Let z be m(14). What is the hundreds digit of 167*z - 105/21?
8
Suppose 6*q + l = 260771, 86954 = -24*q + 26*q - 4*l. What is the tens digit of q?
6
Suppose 0 = 2*j - 12 + 4. Let d(f) = -f**3 - 5*f**2 + 13*f + 45. Let n be d(-6). Suppose 0 = 4*z - r - r - 430, -j*z = -n*r - 429. What is the units digit of z?
8
What is the thousands digit of (16*(-15)/(-250)*460)/(2/40)?
8
Suppose 8 = 3*o - 4*o, -o - 3911 = -3*c. What is the tens digit of c?
0
Let i(b) = 2*b**3 - 6*b**2 + 5*b - 20. Let j be i(6). Suppose -5*c + 4036 = j. What is the units digit of c?
2
Suppose 36969 = 34*x - 53845. What is the tens digit of x?
7
Let s(y) = y**2 + 2*y. Let a be s(4). Suppose a*x = 12*x + 216. What is the tens digit of x?
1
Suppose 0 = -14*d - 2 + 86. Suppose -d*c - 6*c = -2676. What is the tens digit of c?
2
Let y = -300 - -717. Let l = y - 128. What is the hundreds digit of l?
2
Let o(q) = -q**2 + 13*q - 20. Let c be 4/(-6) + (-105)/(-9). Let r be o(c). Suppose -2*n - 5*s = -178, 7*n - 2*s - 387 = r*n. What is the tens digit of n?
7
Let y(l) = l**3 + 44*l**2 - 22*l + 397. What is the thousands digit of y(-40)?
7
Let a = 395 - 214. Let x = -4009 - -4012. What is the units digit of -4*x/(-12)*a?
1
Let w = -12530 - -18308. What is the units digit of w?
8
Let a(u) = -87*u - 144. What is the units digit of a(-25)?
1
Let x(t) = 12*t**2 + 262*t + 57. What is the tens digit of x(-27)?
3
Suppose -9 - 3 = -6*p. Suppose -4*u + r = -25, 3*u + p*r - 30 = 5*r. Suppose 0 = 3*b + q - 156, -5*b - u*q = -183 - 77. What is the tens digit of b?
5
What is the tens digit of 1805 + (21 - 7) + 17?
3
Suppose 21*j - 9294 = 20*j - 4*x, -j = 5*x - 9296. What is the thousands digit of j?
9
Let z = 8288 - 4936. What is the hundreds digit of z?
3
What is the hundreds digit of 8251 + (2/(-4))/((-5)/(-50))?
2
Let s be 115/(-2)*4144/(-370). Let c = s - -1375. What is the tens digit of c?
1
Suppose 0 = -2*x - 4*k, 4*x + 3 = 2*x - k. Let a be x*((4 - 8) + -45). What is the units digit of (-4 - a/(-5))*5?
8
Let c = -723 + 633. Let i = 833 - c. What is the hundreds digit of i?
9
Let p(y) be the third derivative of -41*y**4/6 + 85*y**3/6 + 15*y**2 + 3. What is the tens digit of p(-4)?
4
Suppose 3*b + 24*b - 11259 = 0. What is the tens digit of b?
1
Let l(y) = 5*y**2 - 8*y - 3. Let p be l(8). Let s be 5/2 - p/2. Let c = s + 202. What is the units digit of c?
8
Suppose -9*d + 143 = 2*d. Let c be d/3 + 6/9 + -1. What is the tens digit of 14/(-28)*c*-89?
7
Let l = 27637 + -18765. What is the units digit of l?
2
Let z(k) = k**3 - 7*k**2 + k - 2. Let c be z(7). Suppose i + 2 = c. Suppose -98 = i*h - 431. What is the units digit of h?
1
Let o(y) = -y**3 + 3*y**2 - 35*y + 117. What is the ten thousands digit of o(-21)?
1
Suppose 0*i - 2*i = -102. Suppose -3*m = -4*p + 77, i = 2*p - 0*m + m. Suppose 21*b = p*b - 32. What is the tens digit of b?
1
Suppose -5*y = -22 + 22. Suppose -5*n = 2*n - y*n. Suppose n = -5*f + f + 720. What is the hundreds digit of f?
1
Let j(f) = 3*f**3 - 7*f**2 + 54*f + 32. What is the tens digit of j(10)?
7
Let q(a) = a**3 - 5*a**2 - 24*a + 16. Let w be q(9). Suppose -2*o + w = -4*t - 108, -2*o + 214 = 2*t. What is the hundreds digit of o?
1
Suppose 3*y + 1270 = o, -5*o - 1264 = 3*y - 0*o. Let g = 1292 - y. What is the thousands digit of g?
1
Suppose -38*y + 258908 = -12*y. What is the thousands digit of y?
9
Let z(u) = 20*u + 53. Let x be z(-9). Let n = 163 + x. What is the tens digit of n?
3
Let t be 50/(-500) + (-82)/(-20). Suppose t*v = -3*s + 4280, -2*s + 4783 - 499 = 4*v. What is the thousands digit of v?
1
Let z(v) = v**3 - v**2 - 4*v - 1. Let d be z(3). Suppose -2*b - d = -5*f, 4*b - 4*f - 1 = 7. Suppose 368 = b*l - 67. What is the units digit of l?
7
Let s(r) = r**3 - 14*r + 5. Let m = -3 + 9. Let y be s(m). Let o = -86 + y. What is the units digit of o?
1
Let t(j) = 6*j - 45. Let u be t(17). Let n = u + 123. What is the tens digit of n?
8
Let z(p) = -25*p**2 + 2*p - 3. Let d be z(-3). What is the units digit of 2/6 + d/54 + 364?
0
Let l(f) = -1372*f + 2587. What is the hundreds digit of l(-7)?
1
Let h(c) = -1522*c - 85. What is the thousands digit of h(-5)?
7
Let o(m) = m**3 + 22*m**2 - 27*m - 88. Let s be o(-23). Suppose -s*j + 663 = 5*a, -45*a + 42*a = -5*j + 801. What is the hundreds digit of j?
1
Let q(y) = 2829*y - 118. What is the tens digit of q(3)?
6
Let m = -101773 - -163593. What is the units digit of m?
0
Suppose -4*y + 4*j + 1820 = 3*j, -5*y + 2*j = -2275. Let p = y - 16. What is the hundreds digit of p?
4
What is the thousands digit of (4 + 130/(-15))/((-4)/1050)?
1
Let v(w) = -2*w - 23. Let u be v(-18). Let o = 53 + u. What is the tens digit of 5*(0 + -2)/((-15)/o)?
4
What is the tens digit of (401 + 5)/(6 - 1642/274)?
2
Let d(a) be the third derivative of -a**4/12 + 2*a**3/3 + 10*a**2. Let o be d(0). Suppose -5*v + v - 192 = -o*h, h = 2*v + 47. What is the tens digit of h?
4
Let k = -271 - -379. Suppose -106*t = -k*t + 998. What is the units digit of t?
9
What is the thousands digit of 9/(135/300)*137?
2
Let w = 252 - 175. Let f be 14 - (-1807)/13 - -17. Suppose w = c - f. What is the tens digit of c?
4
Let o = 10 - 118. Suppose -l - 363 = 2*g, 2*g = -9*l + 10*l - 373. Let d = o - g. What is the units digit of d?
6
Let u(r) = -r**3 + 29*r**2 + 61*r + 56. Let z be u(31). Suppose -95 = -m - z. What is the tens digit of m?
7
Suppose 27 = 13*b - 12. Suppose c = 1, -b*c = d - 2*c - 746. What is the hundreds digit of d?
7
Suppose 0 = 42*s - 52*s + 151280. What is the tens digit of s?
2
Suppose -9